v) = -370*v + 304. Give f(0).
304
Let v(c) = 133371*c + 533485. What is v(-4)?
1
Let a(d) = -d**3 + 24*d**2 + 452*d - 11358. Calculate a(21).
-543
Let q(r) = r**2 - 2435*r - 376831. Calculate q(-146).
-5
Let u(v) = 10265*v + 934077. Calculate u(-91).
-38
Let o(m) = -81682*m - 653428. Give o(-8).
28
Let z(m) = 237*m - 52212. Determine z(217).
-783
Let k(z) = 7*z**3 - 7*z**2 + 23*z - 11. What is k(5)?
804
Let m(x) = x**3 + 5*x**2 - 65488*x + 196391. Give m(3).
-1
Let p(u) = 56*u**2 + 7374*u - 2774. Determine p(-132).
-398
Let a(y) = 4400*y - 188406. Calculate a(43).
794
Let k(n) = -304*n**3 + 8*n**2 + 10*n - 17. Give k(1).
-303
Let k(o) = -16406*o + 49225. What is k(3)?
7
Let x(s) = -7*s**3 + 8*s**2 - 7*s - 11. Give x(4).
-359
Let c(p) = -3*p**2 - p + 977. Calculate c(24).
-775
Let o(r) = 952*r - 37195. Calculate o(32).
-6731
Let u(w) = -18*w**2 + 32*w + 96. What is u(-2)?
-40
Let k(d) = -d**2 + 218*d + 69907. Calculate k(-177).
-8
Let h(z) = z**2 - 841*z - 25962. What is h(-30)?
168
Let z(i) = 56*i**2 - 1010*i + 559. Give z(18).
523
Let u(o) = 1029*o - 20549. Determine u(20).
31
Let s(o) = -35*o**2 + 175*o + 432. Calculate s(5).
432
Let h(v) = v**3 + 12*v**2 - 30*v - 58. What is h(7)?
663
Let m(o) = 75914*o + 607315. Calculate m(-8).
3
Let j(c) = -812*c**3 - 2*c**2 + 164*c + 167. Give j(-1).
813
Let x(f) = -2*f**3 - 123*f**2 + 168*f - 1337. Calculate x(-63).
-14
Let a(y) = y**2 - 1409*y - 136488. Determine a(-91).
12
Let t(u) = u**2 + 1047*u + 152605. Give t(-175).
5
Let c(m) = -5511*m - 13221. Determine c(-3).
3312
Let j(g) = -37798*g + 226796. Determine j(6).
8
Let t(n) = -2*n**2 - 7*n + 1161. Give t(0).
1161
Let o(t) = 63*t**3 + 25010*t**2 - 390*t + 2779. What is o(-397)?
0
Let o(l) = -524*l**2 - 562*l - 22. What is o(-1)?
16
Let h(v) = -2*v**3 - 55*v**2 - 152*v + 931. Calculate h(-24).
547
Let f(s) = -5*s**3 + 79*s**2 + 564*s + 90. What is f(21)?
468
Let v(y) = -78*y**2 - 19*y + 70. Calculate v(-1).
11
Let x(j) = -5764*j - 98011. What is x(-17)?
-23
Let g(u) = 5*u**3 + 179*u**2 + 136*u + 5794. Determine g(-36).
-398
Let q(k) = -133*k**2 + 244*k + 10870. Calculate q(10).
10
Let b(g) = g**3 + 337*g**2 - g - 11. Calculate b(0).
-11
Let c(k) = -1156*k + 12531. Determine c(11).
-185
Let v(p) = 713*p + 18615. What is v(-26)?
77
Let v(y) = 14718*y**2 + 323842*y + 1007. Determine v(-22).
-5
Let r(i) = i**3 - 59*i**2 + 375*i - 45. What is r(10)?
-1195
Let c(a) = 288*a**2 - 164*a - 164. Give c(-1).
288
Let s(c) = c**3 + 274*c**2 + 1093*c + 3513. Determine s(-270).
3
Let s(y) = -392*y - 4667. What is s(-11)?
-355
Let b(n) = 12231*n + 183479. Calculate b(-15).
14
Let l(r) = 686*r + 211981. Determine l(-309).
7
Let k(p) = 4*p**3 - 99*p**2 + 4821*p - 121171. Determine k(25).
-21
Let l(h) = h**2 + 99000*h + 791942. Give l(-8).
6
Let n(k) = -3835*k - 56902. Calculate n(-16).
4458
Let t(j) = -723*j + 4254. Give t(6).
-84
Let b(g) = -27*g**3 - 5*g**2 - 41*g - 185. What is b(-4)?
1627
Let p(d) = 4*d**3 - 5163*d**2 - 6446*d - 18094. Calculate p(1292).
-6
Let k(i) = i**3 + 41*i**2 + 330*i - 202. Give k(-12).
14
Let j(s) = 40*s - 417. Give j(4).
-257
Let z(u) = 898*u - 60096. Give z(67).
70
Let c(h) = -2*h**3 - 29*h**2 + 90*h + 1109. Determine c(-15).
-16
Let l(i) = i**2 - 47*i - 4316. Calculate l(-46).
-38
Let h(i) = -81327*i + 406610. Calculate h(5).
-25
Let c(t) = -t**3 - 168*t**2 + 183*t + 58451. Give c(-167).
1
Let z(y) = -y**3 + 33*y**2 + 183*y - 18. Calculate z(-7).
661
Let c(n) = 3*n**2 - 236*n + 769. Determine c(77).
384
Let o(q) = 6*q**3 - 154*q**2 - 288*q + 9682. Give o(25).
-18
Let t(x) = x**3 + 6*x**2 - 23*x + 374. What is t(-11)?
22
Let j(b) = -18269*b + 438586. Give j(24).
130
Let z(r) = 128925*r + 1289250. What is z(-10)?
0
Let m(v) = v**3 + 94*v**2 - 334*v + 5937. Give m(-98).
253
Let k(x) = -5*x**3 - 13*x**2 - 3*x - 35. Give k(6).
-1601
Let g(p) = -44*p**2 - 701*p - 2223. Give g(-7).
528
Let n(y) = -27670*y - 55352. What is n(-2)?
-12
Let x(h) = 55*h**3 + 988*h**2 + 16*h + 850. Give x(-18).
-86
Let d(z) = 7*z**2 - 128*z - 167. Give d(23).
592
Let p(w) = -2*w**3 - 321*w**2 + 23976*w - 8. Determine p(-216).
-8
Let k(v) = 1258*v + 182419. Determine k(-145).
9
Let c(x) = 860*x**2 - 12926*x + 386. Determine c(15).
-4
Let u(w) = -19*w**2 + 209*w - 48. Give u(9).
294
Let u(t) = -37*t + 6453. Determine u(151).
866
Let g(p) = 8358*p + 3602260. Calculate g(-431).
-38
Let m(a) = 3*a**2 + 2589*a + 33450. Determine m(-13).
300
Let p(w) = 3*w**2 + 283*w + 3787. Give p(-15).
217
Let s(p) = 2*p**2 + 657*p - 301749. Give s(-586).
41
Let y(a) = -15*a**2 - 119*a - 1046. What is y(-10)?
-1356
Let q(a) = -8810*a + 79415. Give q(9).
125
Let f(i) = i**3 - 41*i**2 + 240*i - 6217. Determine f(39).
101
Let o(f) = -f**2 - 22028*f + 617553. Determine o(28).
-15
Let o(u) = -u**2 + 848*u + 18255. What is o(-21)?
6
Let o(i) = i**2 + 5837*i + 1138271. What is o(-202)?
1
Let x(t) = 1274*t**2 - 275183*t - 249. Give x(216).
-33
Let c(g) = 46*g**2 + 1817*g + 6493. Calculate c(-4).
-39
Let o(f) = 467*f - 432. Determine o(1).
35
Let m(x) = -x**2 + 327*x + 36354. Determine m(-82).
2816
Let x(d) = 1034*d**2 - 311234*d + 7. What is x(301)?
7
Let c(r) = -234181*r**2 - 702551*r - 25. Give c(-3).
-1
Let s(y) = 37*y**2 - 307*y - 924. Give s(-3).
330
Let d(s) = 15514*s - 170576. Give d(11).
78
Let f(y) = -3877*y - 123918. Give f(-32).
146
Let p(r) = -r**3 - 28*r**2 - 46*r - 14039. Calculate p(-37).
-16
Let s(r) = 137230*r + 406. Determine s(0).
406
Let v(g) = -g**3 - 12*g**2 + 149*g + 391. Determine v(9).
31
Let c(b) = 594*b**3 - 7*b**2 - 3*b. Give c(-1).
-598
Let q(k) = -k**2 - 51*k + 2023. Determine q(-78).
-83
Let a(u) = -1063*u - 11814. What is a(-10)?
-1184
Let n(l) = 18*l**2 - 285*l - 4033. What is n(-9)?
-10
Let m(s) = 7361*s + 22028. Calculate m(-3).
-55
Let g(b) = -2*b**2 + 11285*b + 101718. Determine g(-9).
-9
Let y(q) = -3*q**2 - 226*q + 3016. Calculate y(-79).
2147
Let z(x) = -195958*x - 587884. Calculate z(-3).
-10
Let i(c) = 11*c**3 - 7*c**2 + 11. Calculate i(-1).
-7
Let n(l) = l**2 - 35498*l - 106481. Calculate n(-3).
22
Let a(d) = -224*d + 3556. Determine a(19).
-700
Let c(o) = 599*o - 56129. Calculate c(94).
177
Let x(k) = -k**2 + 253*k - 7846. Determine x(35).
-216
Let r(l) = -186*l**2 - 8754*l - 254. Determine r(-47).
310
Let o(w) = -35*w**2 + 81*w - 36. Calculate o(2).
-14
Let j(y) = 2*y**3 + 548*y**2 - 554*y - 1147. Calculate j(-275).
-47
Let x(c) = 52*c**2 - 198*c - 956. Determine x(-4).
668
Let p(o) = o**3 - 238*o**2 - 174*o - 14828. Determine p(239).
707
Let n(d) = -d**3 - 6327*d**2 - 69478*d - 45. Calculate n(-11).
-23
Let a(v) = -194643*v + 1557110. What is a(8)?
-34
Let g(x) = 192*x**2 - 1757*x - 3507. What is g(-2)?
775
Let v(r) = -1852*r**3 - 10*r**2 + 65*r - 56. Determine v(1).
-1853
Let g(h) = -h**2 - 755*h - 37189. Give g(-53).
17
Let j(i) = -56626*i + 339828. Give j(6).
72
Let z(q) = 3*q**2 + 211*q + 3623. Calculate z(-29).
27
Let i(f) = -700*f + 80311. Determine i(114).
511
Let x(o) = 1263*o + 30258. What is x(-24)?
-54
Let c(a) = -a**3 + 26*a**2 + 66*a - 2690. Determine c(24).
46
Let i(c) = 1314*c - 101310. Determine i(77).
-132
Let n(x) = 3*x**3 + 10*x**2 - 2*x - 51. Determine n(-5).
-166
Let x(l) = -85*l**2 - 773*l + 16. Determine x(-9).
88
Let k(d) = -31*d**2 + 5636*d + 1099. Give k(182).
7
Let t(u) = u**3 - 15*u**2 - 28608*u + 315192. Calculate t(11).
20
Let m(b) = 2439*b - 15372. Give m(6).
-738
Let u(x) = -x**3 - 70*x**2 - 427*x + 28688. Calculate u(-36).
-4
Let z(n) = -12*n**2 + 1361*n - 6748. Give z(5).
-243
Let o(x) = 36030*x + 72169. What is o(-2)?
109
Let o(y) = -5*y**2 - 155*y - 1558. Determine o(-10).
-508
Let s(n) = 19*n**3 - 944*n**2 - 299*n + 21. Determine s(50).
71
Let p(n) = 1122*n + 321. Give p(1).
1443
Let j(r) = -r**3 - 245*r**2 + 557*r - 46379. What is j(-248)?
-3
Let a(i) = -4*i**2 + 546*i - 384. Determine a(0).
-384
Let a(b) = 1490*b**3 - 19*b**2 - 122*b - 103. Determine a(-1).
-1490
Let w(q) = 5*q**2 - 161*q - 5210. Give w(-20).
10
Let h(y) = -2*y**3 + 25*y**2 - 107*y + 194. Give h(8).
-86
Let a(l) = 3*l**2 + 551611*l - 11. Determine a(0).
-11
Let q(k) = 5*k**3 + 15*k**2 - 71*k + 43. Determine q(4).
319
Let v(s) = -3671*s - 862642. Calculate v(-235).
43
Let i(s) = 3*s**2 + 80*s - 42. Calculate i(-20).
-442
Let l(o) = -13304*o